) - v(l). Let j be (-1)/(690/(-575) + (-14)/(-10)). Calculate o(j).
-14
Suppose -17*f - 3*l = -15*f - 16, -3*l = -6. Let a(m) = -m**2 + m + 11. Give a(f).
-9
Let f(w) = 2*w**2 + 3*w + 4. Suppose -8*g + 3 = -7*g. Give f(g).
31
Let t(m) be the second derivative of -m**5/20 + 5*m**4/12 + 7*m**3/6 + 21*m + 9. Give t(7).
-49
Let c(m) = -3*m + 4. Let t = 13 - 56. Let i = t + 39. Calculate c(i).
16
Let s(l) = -19*l + 1. Let k(f) = -2*f**3 - 8*f**2 - 7*f - 4. Let r be k(-3). What is s(r)?
20
Suppose -23 = -5*k - 2*o + 42, 0 = -4*k + o + 39. Let r(h) = 10 - k + h - 11. Determine r(9).
-3
Suppose -2*t + 3*t - 4 = 0. Let c = 21 + -19. Let s(d) = 13*d - c - 14*d + t. Calculate s(5).
-3
Let i(f) = 3*f + 3*f - 5*f + 0*f. Let n(s) = 0*s + 6*s**2 - 2*s**3 + s**3 - s + 4. Let c be n(6). Calculate i(c).
-2
Let c(d) = -3*d - 9. Let v be c(-4). Let i be (-1 - v)/((-1)/(3/(-6))). Let z(b) = 4*b**2 + b - 1. Calculate z(i).
13
Suppose 0 = -5*x, -2*s - s - 5*x = -6. Let f(j) be the second derivative of 1/3*j**3 + 4*j - 3/2*j**2 + 0. Calculate f(s).
1
Let m(y) = 8*y**3 + 7*y**2 + 7*y - 5. Let o(z) = -7*z**3 - 4*z**2 - 6*z + 4. Let h(l) = -6*m(l) - 7*o(l). Calculate h(14).
2
Suppose 5*i + h - 2*h = 39, 2*h = -3*i + 13. Let c(y) = -6*y**2 - 9 + i*y + 9*y**2 - y**2 - y**2. Give c(-9).
9
Let f = 1373/12 + -343/3. Let c(a) be the second derivative of 2/3*a**3 - f*a**4 - 1/2*a**2 + 0 + 6*a. Calculate c(5).
-6
Let n(t) = -2*t + 10. Let p = -730 + 736. Determine n(p).
-2
Let d(v) = -9*v**2 - 6*v**2 - 2*v**3 + 4*v**3 + 14*v**2 - v**3. Suppose -3 = -2*c - 1. What is d(c)?
0
Suppose -3*i + 0*i = 2*z - 19, -9 = -3*i. Suppose -2*w = g - 7, -2*w + 3*g + z = 10. Let b(h) = -1 + 2*h**2 + 1 - 1 + 4*h**w. Calculate b(1).
5
Let n = 332 - 325. Let d(o) = -o**2 + 4*o + 15. Determine d(n).
-6
Let r be (-7)/5 + (-4)/(-10). Let u be (0/r)/(-1 - 1). Let w(d) = d**2 + d - 4. Determine w(u).
-4
Let b(l) = -6*l - 43. Let x(n) = -n**3 - 10*n**2 - 12*n - 127. Let i be x(-10). Give b(i).
-1
Let b(m) = -m + 4. Let u(x) = -x**2 + 6*x + 3. Let i = -3 + 9. Let d be u(i). Calculate b(d).
1
Let b(a) = 3*a**2 - 6 - 4*a**2 + 9 + 9 - 1 + 4*a. Calculate b(4).
11
Let r(b) be the third derivative of -b**6/120 + 7*b**5/60 - b**4/8 - 2*b**3/3 - 2*b**2 + 7. What is r(6)?
14
Let f(b) = 9 + 0*b**3 - 4*b**3 + 3*b**3 - b. Let l be (-286)/(-33)*(-3 + 0). Let t be ((-16)/(-104) - (-4)/l)/2. Determine f(t).
9
Let a(w) = 8*w - 5. Let s(u) = -4*u + 4. Let k(p) = 3*a(p) + 4*s(p). What is k(2)?
17
Suppose 10 = -3*n - 5*a, 0 = n - 2*n - 5*a - 10. Suppose -12*l + 10*l + 16 = n. Suppose 10 = -l*z - 30. Let p(q) = -q**2 - 6*q + 1. What is p(z)?
6
Let l(h) = -h**2 - 13*h + 3. Suppose 0 = -8*t - 51 + 19. Let k(u) = -u - 1. Let x(b) = t*k(b) + l(b). Calculate x(-9).
7
Let b(g) = -2*g - g**2 - 961 - 7*g - 8*g + 956 + 0*g**2. Give b(-17).
-5
Let d(q) = 28*q**2 + 3*q - 5. Let j(p) = -14*p**2 - p + 2. Let y(b) = -3*d(b) - 7*j(b). Give y(1).
13
Let i(m) = -m**2 + 3*m + 2. Let q = -49 + 72. Suppose 3*z + 13 = 5*w, 0*w - q = -2*z - 3*w. Determine i(z).
-2
Suppose 3*m - 2*l = -3*l - 38, 2*l = 2. Let h(s) = s**3 + 13*s**2 + s + 4. Calculate h(m).
-9
Let x(c) = -2*c**2 + 5*c + 1. Suppose 4*d + 49 + 419 = 0. Let r = -113 - d. Give x(r).
-11
Let j(m) = -4*m**3 - 10*m**2 - 7*m - 3. Let o(u) = 5*u**3 + 10*u**2 + 6*u + 4. Let f(g) = 4*j(g) + 3*o(g). Calculate f(-9).
9
Let k = -4 + 8. Let y(u) be the first derivative of -u**5/60 + 5*u**4/24 - u**3 + 9*u**2/2 + 16. Let v(j) be the second derivative of y(j). Determine v(k).
-2
Let j(c) = -c - 55. Suppose 3*p = b + 4, 3*b = -9*p + 6*p - 12. Give j(p).
-55
Let q(b) = 2*b**3 + 3*b**2 + b. Suppose -20*o - 90 = -11*o. Let p be (4/o)/((-15)/(-225)) - -4. Calculate q(p).
-6
Let m(p) = 11*p - 13 - 9*p + 12. Give m(3).
5
Let x = 1 + -3. Let p(b) = -b - 4. Let h be p(x). Let o(r) = -10*r**2 + 2*r + 4. Let l(s) = 33*s**2 - 6*s - 13. Let k(c) = 4*l(c) + 13*o(c). Calculate k(h).
4
Suppose 0 = -c - 5*l - 26, -3*c - 3*l - 20 = -2. Let s(f) = 7*f - 1. Determine s(c).
-8
Let p(c) = c - 22. Let q be (-8 - 1)*(-2)/(-6)*-3. Suppose l = -q*l. Calculate p(l).
-22
Let w(y) = -y**2 + y - 5. Let t be w(0). Let m(f) = 42*f**2 + 5*f - 16. Let d(i) = 25*i**2 + 2*i - 9. Let l(c) = -5*d(c) + 3*m(c). Give l(t).
-3
Let n be 2 + (0 - 6/3). Let c(x) = -x + 10 + 0*x + x**2 - 3. Calculate c(n).
7
Let h(g) be the second derivative of 7/2*g**2 + 0 - 1/6*g**3 - g. What is h(9)?
-2
Let s(t) = t**3 - 7*t**2 + 6*t - 7. Let h(r) = r**3 - r**2 + r. Let o(g) = -2*h(g) + s(g). Give o(-5).
-27
Suppose 22*l = 27*l - 10. Let h(d) = d**3 + 9*d**2 - 10*d**2 + l*d**2 + 3*d**2. Give h(-3).
9
Let k(w) be the third derivative of -w**5/20 + w**4/12 + w**3/3 - 2*w**2. Let t = -10 - -10. Let u(b) = -b - 2. Let l be u(t). Determine k(l).
-14
Suppose -8 = -9*s - 62. Let t(u) = u - 1. Calculate t(s).
-7
Let s be 8 + -1 + -1 + -9 + 10. Let v(h) = 7*h + 3*h**3 - h**3 - 1 - h**3 - 8*h**2. Give v(s).
-1
Let s(t) be the third derivative of -t**6/120 + t**5/10 - 5*t**4/24 + 2*t**3/3 + 255*t**2. What is s(5)?
4
Let h(t) = -t**3 - 5*t**2 + 9*t + 9. Suppose 0 = z - 7 + 5. Let i(n) = n**2 - 4*n - 2. Let r be i(z). Determine h(r).
-9
Let h(u) = 4*u - 5. Let x = 55 + -49. Give h(x).
19
Let l(r) be the second derivative of -r**4/12 - 7*r**3/3 + 15*r**2/2 + r - 17. What is l(-15)?
0
Let f(q) = 1233 - 2472 - q + 1235. Suppose 2*m - 2 = 4. What is f(m)?
-7
Let a(i) = -3*i**3 - 6*i**2 + i - 1. Let x(p) = 7*p**3 + 10*p**2 - p. Let q(v) = 5*a(v) + 2*x(v). What is q(-10)?
-35
Let v be ((-1)/4)/((-2)/8). Let p(t) = 1. Let j(r) = -r. Let n(b) = v*j(b) + 3*p(b). Determine n(-5).
8
Let a(v) be the third derivative of 11*v**5/30 + v**4/24 - v**3/6 + 267*v**2. Determine a(-1).
20
Let u be (0 - -1)/(1/6). Suppose -s + u = -z, s + 2 - 3 = 0. Let t(k) be the second derivative of -k**3/6 + k**2 + k. What is t(z)?
7
Let v(s) = -s**2 - 3*s - 2. Let i = -240 - -236. Give v(i).
-6
Suppose 5*z - 37 - 18 = 5*x, -48 = -4*z + 5*x. Let q(r) = r**2 - 7*r - 2. What is q(z)?
-2
Let o(c) = -1817 + 5*c + 1822 - 2*c. Give o(-11).
-28
Let z(o) = -3*o. Let a(k) = 6*k**2 + 14*k + 5. Let t(g) = -a(g) - 3*z(g). Determine t(-2).
-19
Let f(l) = 4*l**3 - l - 14 - 2*l**3 + 5 + 14*l**2. Let k be f(-7). Let x(q) = -2*q**3 - 3*q**2 - 4*q - 3. What is x(k)?
9
Suppose -3*g = j + 5, 27 = -4*j + 71*g - 76*g. Let q(b) = b**2 - 2*b - 2. Give q(j).
78
Let f(k) = k**3 - 4*k**2 - 5*k + 1. Let v(j) = 16 + 12*j + j**3 + j**3 + 0*j**3 - 10*j**2 - 3*j**3. Suppose -7 = m + 4. Let u be v(m). Calculate f(u).
1
Let p(u) = -u**2 + u - 1. Let v(h) = -2*h**2 + 2*h - 9. Let q(y) = -y**2 + y - 3. Let r(w) = -8*q(w) + 3*v(w). Let b(n) = -3*p(n) - r(n). Calculate b(0).
6
Let v(k) = -k + 25. Let d = -1033 - -1056. Give v(d).
2
Suppose -2*q = -13 + 27. Let d(f) = f**3 + 7*f**2 + f + 6. Calculate d(q).
-1
Suppose 3*q + t - 4*t = 48, -5*q - 2*t = -52. Suppose -s + q = 2*s. Let h(w) = w**3 - 4*w**2 - 4*w + 4. Calculate h(s).
-12
Let m(x) = 4*x + x**2 + 507 - 517 + 10*x. Give m(-15).
5
Let i(u) = u**3 - 12*u + 16. Let q be i(3). Let r(z) = z**2 - 6*z - 8. What is r(q)?
-1
Let n = 0 + 7. Let l(a) = -3*a**2 - 9*a + 11. Let c(q) = -q**2 - 5*q + 6. Let z(i) = -5*c(i) + 2*l(i). What is z(n)?
-8
Let w(n) be the second derivative of -n**7/2520 - n**6/80 - n**5/30 - n**4/4 + 50*n. Let h(r) be the third derivative of w(r). What is h(-8)?
4
Let x(c) = -3*c**2 - 2*c - 1. Let q = 329 - 330. What is x(q)?
-2
Let j(r) be the first derivative of r**4/4 - 2*r**3/3 - 3*r**2/2 + 190. Let q(t) = t - 13. Let a be q(11). What is j(a)?
-10
Let q(d) be the third derivative of -d**6/60 + d**5/120 + d**4/24 + 13*d**3/6 + 43*d**2. Let g(o) be the first derivative of q(o). Calculate g(-1).
-6
Suppose 0 = -0*c - c. Let n(s) = 0 - 8 + s + 2 + c*s. Calculate n(5).
-1
Let x(p) = 3*p. Let k(c) = -13*c - 14. Let h(d) = k(d) + 4*x(d). Determine h(-9).
-5
Suppose 5*y - 25 = 3*i, 13 = 5*y + 4*i - 12. Let h(u) be the first derivative of 1/2*u**2 + y*u + 9. What is h(-4)?
1
Let j(q) = 2*q + 3. Let b(v) = -4*v - 6. Let p(m) = 3*b(m) + 5*j(m). Let n(r) = -r**2 - 79*r - 1352. Let k be n(-25). What is p(k)?
1
Suppose o = 2*q + 2, -4*o + 0*o + 16 = -4*q. Let u(b) = 2 - 10*b + o*b + 3*b + 3*b. Determine u(-3).
-4
Suppose -86*w + 25 = -91*w. Let f(m) = -6*m**2 - 12*m - 12. Let g(q) 